{"id":74,"date":"2009-03-22T20:09:51","date_gmt":"2009-03-22T19:09:51","guid":{"rendered":"http:\/\/www.sachsenhausen-in-thueringen.de\/wop\/?page_id=74"},"modified":"2024-06-29T13:15:43","modified_gmt":"2024-06-29T12:15:43","slug":"scherkondetaler-blasmusik","status":"publish","type":"page","link":"https:\/\/www.sachsenhausen-in-thueringen.de\/wop\/vereine\/scherkondetaler-blasmusik","title":{"rendered":"Scherkondetaler Blasmusik"},"content":{"rendered":"<p><center><\/p>\n<table width=\"95%\" style=\"border-style: none;\">\n<tbody>\n<tr>\n<td style=\"padding: 15px; text-align: left;border-style: none;\">\n<img decoding=\"async\" src=\"https:\/\/www.sachsenhausen-in-thueringen.de\/wop\/wp-content\/uploads\/Scherkondetaler-Blasmusik.jpg\" ><\/p>\n<table width=\"100%\" border=\"0\" cellspacing=\"2\" cellpadding=\"0\">\n<tbody>\n<tr>\n<td width=\"50%\">Anschrift:<\/td>\n<td>Scherkondetaler Blasmusik GbR<br \/>\nLeitung: Diana Schenk<br \/>\nNeue Gasse 92<br \/>\n99439 Am Ettersberg<\/td>\n<\/tr>\n<tr>\n<td>Leistungen \/<br \/>\nServiceangebote:<\/td>\n<td>Blasmusik f\u00fcr Fr\u00fchschoppen, Festumz\u00fcge, Geburtstage und Jubil\u00e4en (privat und f\u00fcr Firmen)<br \/>\n2 CD erh\u00e4ltlich (1998 und 2008)<\/td>\n<\/tr>\n<tr>\n<td>Kontakt:<\/td>\n<td>eMail: <a href=\"mailto:scherkondetaler-blasmusik@online.de\">scherkondetaler-blasmusik@online.de<\/a><\/p>\n<\/td>\n<\/tr>\n<\/tbody>\n<\/table>\n<p>&nbsp;<\/p>\n<p>Diese Seite wird zur Zeit von der Scherkondetaler Blasmusik GbR strukturell und inhaltlich \u00fcberarbeitet.<\/p>\n<p>Wir freuen uns auf die baldige Ver\u00f6ffentlichung.<\/td>\n<\/tr>\n<\/tbody>\n<\/table>\n<p><\/center><\/p>\n","protected":false},"excerpt":{"rendered":"<p>Anschrift: Scherkondetaler Blasmusik GbR Leitung: Diana Schenk Neue Gasse 92 99439 Am Ettersberg Leistungen \/ Serviceangebote: Blasmusik f\u00fcr Fr\u00fchschoppen, Festumz\u00fcge, [&hellip;]<\/p>\n","protected":false},"author":1,"featured_media":0,"parent":8,"menu_order":0,"comment_status":"closed","ping_status":"closed","template":"","meta":{"site-sidebar-layout":"default","site-content-layout":"","ast-site-content-layout":"default","site-content-style":"default","site-sidebar-style":"default","ast-global-header-display":"","ast-banner-title-visibility":"","ast-main-header-display":"","ast-hfb-above-header-display":"","ast-hfb-below-header-display":"","ast-hfb-mobile-header-display":"","site-post-title":"","ast-breadcrumbs-content":"","ast-featured-img":"","footer-sml-layout":"","ast-disable-related-posts":"","theme-transparent-header-meta":"default","adv-header-id-meta":"","stick-header-meta":"","header-above-stick-meta":"","header-main-stick-meta":"","header-below-stick-meta":"","astra-migrate-meta-layouts":"set","ast-page-background-enabled":"default","ast-page-background-meta":{"desktop":{"background-color":"var(--ast-global-color-4)","background-image":"","background-repeat":"repeat","background-position":"center center","background-size":"auto","background-attachment":"scroll","background-type":"","background-media":"","overlay-type":"","overlay-color":"","overlay-opacity":"","overlay-gradient":""},"tablet":{"background-color":"","background-image":"","background-repeat":"repeat","background-position":"center center","background-size":"auto","background-attachment":"scroll","background-type":"","background-media":"","overlay-type":"","overlay-color":"","overlay-opacity":"","overlay-gradient":""},"mobile":{"background-color":"","background-image":"","background-repeat":"repeat","background-position":"center center","background-size":"auto","background-attachment":"scroll","background-type":"","background-media":"","overlay-type":"","overlay-color":"","overlay-opacity":"","overlay-gradient":""}},"ast-content-background-meta":{"desktop":{"background-color":"var(--ast-global-color-5)","background-image":"","background-repeat":"repeat","background-position":"center center","background-size":"auto","background-attachment":"scroll","background-type":"","background-media":"","overlay-type":"","overlay-color":"","overlay-opacity":"","overlay-gradient":""},"tablet":{"background-color":"var(--ast-global-color-5)","background-image":"","background-repeat":"repeat","background-position":"center center","background-size":"auto","background-attachment":"scroll","background-type":"","background-media":"","overlay-type":"","overlay-color":"","overlay-opacity":"","overlay-gradient":""},"mobile":{"background-color":"var(--ast-global-color-5)","background-image":"","background-repeat":"repeat","background-position":"center center","background-size":"auto","background-attachment":"scroll","background-type":"","background-media":"","overlay-type":"","overlay-color":"","overlay-opacity":"","overlay-gradient":""}},"footnotes":""},"class_list":["post-74","page","type-page","status-publish","hentry"],"yoast_head":"<!-- This site is optimized with the Yoast SEO plugin v27.6 - https:\/\/yoast.com\/product\/yoast-seo-wordpress\/ -->\n<title>Scherkondetaler Blasmusik - Willkommen in der Ortschaft Sachsenhausen<\/title>\n<meta name=\"robots\" content=\"noindex, follow\" \/>\n<meta property=\"og:locale\" content=\"de_DE\" \/>\n<meta property=\"og:type\" content=\"article\" \/>\n<meta property=\"og:title\" content=\"Scherkondetaler Blasmusik - Willkommen in der Ortschaft Sachsenhausen\" \/>\n<meta property=\"og:description\" content=\"Anschrift: Scherkondetaler Blasmusik GbR Leitung: Diana Schenk Neue Gasse 92 99439 Am Ettersberg Leistungen \/ Serviceangebote: Blasmusik f\u00fcr Fr\u00fchschoppen, Festumz\u00fcge, [&hellip;]\" \/>\n<meta property=\"og:url\" content=\"https:\/\/www.sachsenhausen-in-thueringen.de\/wop\/vereine\/scherkondetaler-blasmusik\" \/>\n<meta property=\"og:site_name\" content=\"Willkommen in der Ortschaft Sachsenhausen\" \/>\n<meta property=\"article:modified_time\" content=\"2024-06-29T12:15:43+00:00\" \/>\n<meta property=\"og:image\" content=\"https:\/\/www.sachsenhausen-in-thueringen.de\/wop\/wp-content\/uploads\/Scherkondetaler-Blasmusik.jpg\" \/>\n<meta name=\"twitter:card\" content=\"summary_large_image\" \/>\n<meta name=\"twitter:label1\" content=\"Gesch\u00e4tzte Lesezeit\" \/>\n\t<meta name=\"twitter:data1\" content=\"1\u00a0Minute\" \/>\n<script type=\"application\/ld+json\" class=\"yoast-schema-graph\">{\"@context\":\"https:\\\/\\\/schema.org\",\"@graph\":[{\"@type\":\"WebPage\",\"@id\":\"https:\\\/\\\/www.sachsenhausen-in-thueringen.de\\\/wop\\\/vereine\\\/scherkondetaler-blasmusik\",\"url\":\"https:\\\/\\\/www.sachsenhausen-in-thueringen.de\\\/wop\\\/vereine\\\/scherkondetaler-blasmusik\",\"name\":\"Scherkondetaler Blasmusik - Willkommen in der Ortschaft Sachsenhausen\",\"isPartOf\":{\"@id\":\"https:\\\/\\\/www.sachsenhausen-in-thueringen.de\\\/wop\\\/#website\"},\"primaryImageOfPage\":{\"@id\":\"https:\\\/\\\/www.sachsenhausen-in-thueringen.de\\\/wop\\\/vereine\\\/scherkondetaler-blasmusik#primaryimage\"},\"image\":{\"@id\":\"https:\\\/\\\/www.sachsenhausen-in-thueringen.de\\\/wop\\\/vereine\\\/scherkondetaler-blasmusik#primaryimage\"},\"thumbnailUrl\":\"https:\\\/\\\/www.sachsenhausen-in-thueringen.de\\\/wop\\\/wp-content\\\/uploads\\\/Scherkondetaler-Blasmusik.jpg\",\"datePublished\":\"2009-03-22T19:09:51+00:00\",\"dateModified\":\"2024-06-29T12:15:43+00:00\",\"breadcrumb\":{\"@id\":\"https:\\\/\\\/www.sachsenhausen-in-thueringen.de\\\/wop\\\/vereine\\\/scherkondetaler-blasmusik#breadcrumb\"},\"inLanguage\":\"de\",\"potentialAction\":[{\"@type\":\"ReadAction\",\"target\":[\"https:\\\/\\\/www.sachsenhausen-in-thueringen.de\\\/wop\\\/vereine\\\/scherkondetaler-blasmusik\"]}]},{\"@type\":\"ImageObject\",\"inLanguage\":\"de\",\"@id\":\"https:\\\/\\\/www.sachsenhausen-in-thueringen.de\\\/wop\\\/vereine\\\/scherkondetaler-blasmusik#primaryimage\",\"url\":\"https:\\\/\\\/www.sachsenhausen-in-thueringen.de\\\/wop\\\/wp-content\\\/uploads\\\/Scherkondetaler-Blasmusik.jpg\",\"contentUrl\":\"https:\\\/\\\/www.sachsenhausen-in-thueringen.de\\\/wop\\\/wp-content\\\/uploads\\\/Scherkondetaler-Blasmusik.jpg\",\"width\":2280,\"height\":1617},{\"@type\":\"BreadcrumbList\",\"@id\":\"https:\\\/\\\/www.sachsenhausen-in-thueringen.de\\\/wop\\\/vereine\\\/scherkondetaler-blasmusik#breadcrumb\",\"itemListElement\":[{\"@type\":\"ListItem\",\"position\":1,\"name\":\"Startseite\",\"item\":\"https:\\\/\\\/www.sachsenhausen-in-thueringen.de\\\/wop\\\/\"},{\"@type\":\"ListItem\",\"position\":2,\"name\":\"Vereine\",\"item\":\"https:\\\/\\\/www.sachsenhausen-in-thueringen.de\\\/wop\\\/vereine\"},{\"@type\":\"ListItem\",\"position\":3,\"name\":\"Scherkondetaler Blasmusik\"}]},{\"@type\":\"WebSite\",\"@id\":\"https:\\\/\\\/www.sachsenhausen-in-thueringen.de\\\/wop\\\/#website\",\"url\":\"https:\\\/\\\/www.sachsenhausen-in-thueringen.de\\\/wop\\\/\",\"name\":\"Sachsenhausen in Thueringen\",\"description\":\"der Landgemeinde Am Ettersberg\",\"publisher\":{\"@id\":\"https:\\\/\\\/www.sachsenhausen-in-thueringen.de\\\/wop\\\/#organization\"},\"potentialAction\":[{\"@type\":\"SearchAction\",\"target\":{\"@type\":\"EntryPoint\",\"urlTemplate\":\"https:\\\/\\\/www.sachsenhausen-in-thueringen.de\\\/wop\\\/?s={search_term_string}\"},\"query-input\":{\"@type\":\"PropertyValueSpecification\",\"valueRequired\":true,\"valueName\":\"search_term_string\"}}],\"inLanguage\":\"de\"},{\"@type\":\"Organization\",\"@id\":\"https:\\\/\\\/www.sachsenhausen-in-thueringen.de\\\/wop\\\/#organization\",\"name\":\"Sachsenhausen in Thueringen\",\"url\":\"https:\\\/\\\/www.sachsenhausen-in-thueringen.de\\\/wop\\\/\",\"logo\":{\"@type\":\"ImageObject\",\"inLanguage\":\"de\",\"@id\":\"https:\\\/\\\/www.sachsenhausen-in-thueringen.de\\\/wop\\\/#\\\/schema\\\/logo\\\/image\\\/\",\"url\":\"https:\\\/\\\/www.sachsenhausen-in-thueringen.de\\\/wop\\\/wp-content\\\/uploads\\\/Wappen.jpg\",\"contentUrl\":\"https:\\\/\\\/www.sachsenhausen-in-thueringen.de\\\/wop\\\/wp-content\\\/uploads\\\/Wappen.jpg\",\"width\":563,\"height\":586,\"caption\":\"Sachsenhausen in Thueringen\"},\"image\":{\"@id\":\"https:\\\/\\\/www.sachsenhausen-in-thueringen.de\\\/wop\\\/#\\\/schema\\\/logo\\\/image\\\/\"}}]}<\/script>\n<!-- \/ Yoast SEO plugin. -->","yoast_head_json":{"title":"Scherkondetaler Blasmusik - Willkommen in der Ortschaft Sachsenhausen","robots":{"index":"noindex","follow":"follow"},"og_locale":"de_DE","og_type":"article","og_title":"Scherkondetaler Blasmusik - Willkommen in der Ortschaft Sachsenhausen","og_description":"Anschrift: Scherkondetaler Blasmusik GbR Leitung: Diana Schenk Neue Gasse 92 99439 Am Ettersberg Leistungen \/ Serviceangebote: Blasmusik f\u00fcr Fr\u00fchschoppen, Festumz\u00fcge, [&hellip;]","og_url":"https:\/\/www.sachsenhausen-in-thueringen.de\/wop\/vereine\/scherkondetaler-blasmusik","og_site_name":"Willkommen in der Ortschaft Sachsenhausen","article_modified_time":"2024-06-29T12:15:43+00:00","og_image":[{"url":"https:\/\/www.sachsenhausen-in-thueringen.de\/wop\/wp-content\/uploads\/Scherkondetaler-Blasmusik.jpg","type":"","width":"","height":""}],"twitter_card":"summary_large_image","twitter_misc":{"Gesch\u00e4tzte Lesezeit":"1\u00a0Minute"},"schema":{"@context":"https:\/\/schema.org","@graph":[{"@type":"WebPage","@id":"https:\/\/www.sachsenhausen-in-thueringen.de\/wop\/vereine\/scherkondetaler-blasmusik","url":"https:\/\/www.sachsenhausen-in-thueringen.de\/wop\/vereine\/scherkondetaler-blasmusik","name":"Scherkondetaler Blasmusik - Willkommen in der Ortschaft Sachsenhausen","isPartOf":{"@id":"https:\/\/www.sachsenhausen-in-thueringen.de\/wop\/#website"},"primaryImageOfPage":{"@id":"https:\/\/www.sachsenhausen-in-thueringen.de\/wop\/vereine\/scherkondetaler-blasmusik#primaryimage"},"image":{"@id":"https:\/\/www.sachsenhausen-in-thueringen.de\/wop\/vereine\/scherkondetaler-blasmusik#primaryimage"},"thumbnailUrl":"https:\/\/www.sachsenhausen-in-thueringen.de\/wop\/wp-content\/uploads\/Scherkondetaler-Blasmusik.jpg","datePublished":"2009-03-22T19:09:51+00:00","dateModified":"2024-06-29T12:15:43+00:00","breadcrumb":{"@id":"https:\/\/www.sachsenhausen-in-thueringen.de\/wop\/vereine\/scherkondetaler-blasmusik#breadcrumb"},"inLanguage":"de","potentialAction":[{"@type":"ReadAction","target":["https:\/\/www.sachsenhausen-in-thueringen.de\/wop\/vereine\/scherkondetaler-blasmusik"]}]},{"@type":"ImageObject","inLanguage":"de","@id":"https:\/\/www.sachsenhausen-in-thueringen.de\/wop\/vereine\/scherkondetaler-blasmusik#primaryimage","url":"https:\/\/www.sachsenhausen-in-thueringen.de\/wop\/wp-content\/uploads\/Scherkondetaler-Blasmusik.jpg","contentUrl":"https:\/\/www.sachsenhausen-in-thueringen.de\/wop\/wp-content\/uploads\/Scherkondetaler-Blasmusik.jpg","width":2280,"height":1617},{"@type":"BreadcrumbList","@id":"https:\/\/www.sachsenhausen-in-thueringen.de\/wop\/vereine\/scherkondetaler-blasmusik#breadcrumb","itemListElement":[{"@type":"ListItem","position":1,"name":"Startseite","item":"https:\/\/www.sachsenhausen-in-thueringen.de\/wop\/"},{"@type":"ListItem","position":2,"name":"Vereine","item":"https:\/\/www.sachsenhausen-in-thueringen.de\/wop\/vereine"},{"@type":"ListItem","position":3,"name":"Scherkondetaler Blasmusik"}]},{"@type":"WebSite","@id":"https:\/\/www.sachsenhausen-in-thueringen.de\/wop\/#website","url":"https:\/\/www.sachsenhausen-in-thueringen.de\/wop\/","name":"Sachsenhausen in Thueringen","description":"der Landgemeinde Am Ettersberg","publisher":{"@id":"https:\/\/www.sachsenhausen-in-thueringen.de\/wop\/#organization"},"potentialAction":[{"@type":"SearchAction","target":{"@type":"EntryPoint","urlTemplate":"https:\/\/www.sachsenhausen-in-thueringen.de\/wop\/?s={search_term_string}"},"query-input":{"@type":"PropertyValueSpecification","valueRequired":true,"valueName":"search_term_string"}}],"inLanguage":"de"},{"@type":"Organization","@id":"https:\/\/www.sachsenhausen-in-thueringen.de\/wop\/#organization","name":"Sachsenhausen in Thueringen","url":"https:\/\/www.sachsenhausen-in-thueringen.de\/wop\/","logo":{"@type":"ImageObject","inLanguage":"de","@id":"https:\/\/www.sachsenhausen-in-thueringen.de\/wop\/#\/schema\/logo\/image\/","url":"https:\/\/www.sachsenhausen-in-thueringen.de\/wop\/wp-content\/uploads\/Wappen.jpg","contentUrl":"https:\/\/www.sachsenhausen-in-thueringen.de\/wop\/wp-content\/uploads\/Wappen.jpg","width":563,"height":586,"caption":"Sachsenhausen in Thueringen"},"image":{"@id":"https:\/\/www.sachsenhausen-in-thueringen.de\/wop\/#\/schema\/logo\/image\/"}}]}},"_links":{"self":[{"href":"https:\/\/www.sachsenhausen-in-thueringen.de\/wop\/wp-json\/wp\/v2\/pages\/74","targetHints":{"allow":["GET"]}}],"collection":[{"href":"https:\/\/www.sachsenhausen-in-thueringen.de\/wop\/wp-json\/wp\/v2\/pages"}],"about":[{"href":"https:\/\/www.sachsenhausen-in-thueringen.de\/wop\/wp-json\/wp\/v2\/types\/page"}],"author":[{"embeddable":true,"href":"https:\/\/www.sachsenhausen-in-thueringen.de\/wop\/wp-json\/wp\/v2\/users\/1"}],"replies":[{"embeddable":true,"href":"https:\/\/www.sachsenhausen-in-thueringen.de\/wop\/wp-json\/wp\/v2\/comments?post=74"}],"version-history":[{"count":22,"href":"https:\/\/www.sachsenhausen-in-thueringen.de\/wop\/wp-json\/wp\/v2\/pages\/74\/revisions"}],"predecessor-version":[{"id":1215,"href":"https:\/\/www.sachsenhausen-in-thueringen.de\/wop\/wp-json\/wp\/v2\/pages\/74\/revisions\/1215"}],"up":[{"embeddable":true,"href":"https:\/\/www.sachsenhausen-in-thueringen.de\/wop\/wp-json\/wp\/v2\/pages\/8"}],"wp:attachment":[{"href":"https:\/\/www.sachsenhausen-in-thueringen.de\/wop\/wp-json\/wp\/v2\/media?parent=74"}],"curies":[{"name":"wp","href":"https:\/\/api.w.org\/{rel}","templated":true}]}}