{"id":71,"date":"2009-03-22T20:09:26","date_gmt":"2009-03-22T19:09:26","guid":{"rendered":"http:\/\/www.sachsenhausen-in-thueringen.de\/wop\/?page_id=71"},"modified":"2024-06-29T13:19:30","modified_gmt":"2024-06-29T12:19:30","slug":"faschingsclub","status":"publish","type":"page","link":"https:\/\/www.sachsenhausen-in-thueringen.de\/wop\/vereine\/faschingsclub","title":{"rendered":"FaschingsClub"},"content":{"rendered":"<table width=\"95%\" style=\"border-style:none;>\n<tbody>\n<tr>\n<td style=\"padding: 15px; text-align: left;\">\n<p style=\"text-align: center;\"><a href=\"https:\/\/www.sachsenhausen-in-thueringen.de\/wop\/wp-content\/uploads\/IMG_3480a.jpg\"><img decoding=\"async\" width=\"89% class=\"aligncenter size-medium wp-image-812\" alt=\"IMG_3480a\" src=\"https:\/\/www.sachsenhausen-in-thueringen.de\/wop\/wp-content\/uploads\/IMG_3480a-300x225.jpg\" srcset=\"https:\/\/www.sachsenhausen-in-thueringen.de\/wop\/wp-content\/uploads\/IMG_3480a-300x225.jpg 300w, https:\/\/www.sachsenhausen-in-thueringen.de\/wop\/wp-content\/uploads\/IMG_3480a.jpg 800w\" sizes=\"(max-width: 300px) 100vw, 300px\" \/><\/a><\/p>\n<p><strong>INFORMATION:<\/strong><\/p>\n<p>Die n\u00e4chsten Termine des Faschingsclubs finden gem\u00e4\u00df dem <a href=\"https:\/\/www.sachsenhausen-in-thueringen.de\/wop\/kulturleben\">Veranstaltungskalender<\/a> statt.<\/p>\n<p>Der Vorstand<\/p>\n<p>Der Faschingsclub hat sich auf einer Gr\u00fcndungsversammlung 2010 in einen Verein mit 33 Mitgliedern umgewandelt.<\/p>\n<p>Seit 2018 wurde als Pr\u00e4sident Daniel M\u00f6ller und als Stellvertreter Diana Schenk gew\u00e4hlt.<\/p>\n<p>&nbsp;<\/p>\n<p style=\"text-align: center;\"><a href=\"https:\/\/www.sachsenhausen-in-thueringen.de\/wop\/wp-content\/uploads\/Wappen1.gif\"><img loading=\"lazy\" decoding=\"async\" width=\"102\" height=\"100\" title=\"Wappen\" class=\"size-full wp-image-305 aligncenter\" alt=\"\" src=\"https:\/\/www.sachsenhausen-in-thueringen.de\/wop\/wp-content\/uploads\/Wappen1.gif\"><\/a><\/p>\n<\/td>\n<\/tr>\n<\/tbody>\n<\/table>\n","protected":false},"excerpt":{"rendered":"<p>INFORMATION: Die n\u00e4chsten Termine des Faschingsclubs finden gem\u00e4\u00df dem Veranstaltungskalender statt. Der Vorstand Der Faschingsclub hat sich auf einer Gr\u00fcndungsversammlung [&hellip;]<\/p>\n","protected":false},"author":2,"featured_media":0,"parent":8,"menu_order":0,"comment_status":"closed","ping_status":"closed","template":"","meta":{"site-sidebar-layout":"default","site-content-layout":"","ast-site-content-layout":"default","site-content-style":"default","site-sidebar-style":"default","ast-global-header-display":"","ast-banner-title-visibility":"","ast-main-header-display":"","ast-hfb-above-header-display":"","ast-hfb-below-header-display":"","ast-hfb-mobile-header-display":"","site-post-title":"","ast-breadcrumbs-content":"","ast-featured-img":"","footer-sml-layout":"","ast-disable-related-posts":"","theme-transparent-header-meta":"default","adv-header-id-meta":"","stick-header-meta":"","header-above-stick-meta":"","header-main-stick-meta":"","header-below-stick-meta":"","astra-migrate-meta-layouts":"set","ast-page-background-enabled":"default","ast-page-background-meta":{"desktop":{"background-color":"var(--ast-global-color-4)","background-image":"","background-repeat":"repeat","background-position":"center center","background-size":"auto","background-attachment":"scroll","background-type":"","background-media":"","overlay-type":"","overlay-color":"","overlay-opacity":"","overlay-gradient":""},"tablet":{"background-color":"","background-image":"","background-repeat":"repeat","background-position":"center center","background-size":"auto","background-attachment":"scroll","background-type":"","background-media":"","overlay-type":"","overlay-color":"","overlay-opacity":"","overlay-gradient":""},"mobile":{"background-color":"","background-image":"","background-repeat":"repeat","background-position":"center center","background-size":"auto","background-attachment":"scroll","background-type":"","background-media":"","overlay-type":"","overlay-color":"","overlay-opacity":"","overlay-gradient":""}},"ast-content-background-meta":{"desktop":{"background-color":"var(--ast-global-color-5)","background-image":"","background-repeat":"repeat","background-position":"center center","background-size":"auto","background-attachment":"scroll","background-type":"","background-media":"","overlay-type":"","overlay-color":"","overlay-opacity":"","overlay-gradient":""},"tablet":{"background-color":"var(--ast-global-color-5)","background-image":"","background-repeat":"repeat","background-position":"center center","background-size":"auto","background-attachment":"scroll","background-type":"","background-media":"","overlay-type":"","overlay-color":"","overlay-opacity":"","overlay-gradient":""},"mobile":{"background-color":"var(--ast-global-color-5)","background-image":"","background-repeat":"repeat","background-position":"center center","background-size":"auto","background-attachment":"scroll","background-type":"","background-media":"","overlay-type":"","overlay-color":"","overlay-opacity":"","overlay-gradient":""}},"footnotes":""},"class_list":["post-71","page","type-page","status-publish","hentry"],"yoast_head":"<!-- This site is optimized with the Yoast SEO plugin v27.6 - https:\/\/yoast.com\/product\/yoast-seo-wordpress\/ -->\n<title>FaschingsClub - Willkommen in der Ortschaft Sachsenhausen<\/title>\n<meta name=\"robots\" content=\"noindex, follow\" \/>\n<meta property=\"og:locale\" content=\"de_DE\" \/>\n<meta property=\"og:type\" content=\"article\" \/>\n<meta property=\"og:title\" content=\"FaschingsClub - Willkommen in der Ortschaft Sachsenhausen\" \/>\n<meta property=\"og:description\" content=\"INFORMATION: Die n\u00e4chsten Termine des Faschingsclubs finden gem\u00e4\u00df dem Veranstaltungskalender statt. Der Vorstand Der Faschingsclub hat sich auf einer Gr\u00fcndungsversammlung [&hellip;]\" \/>\n<meta property=\"og:url\" content=\"https:\/\/www.sachsenhausen-in-thueringen.de\/wop\/vereine\/faschingsclub\" \/>\n<meta property=\"og:site_name\" content=\"Willkommen in der Ortschaft Sachsenhausen\" \/>\n<meta property=\"article:modified_time\" content=\"2024-06-29T12:19:30+00:00\" \/>\n<meta property=\"og:image\" content=\"https:\/\/www.sachsenhausen-in-thueringen.de\/wop\/wp-content\/uploads\/IMG_3480a-300x225.jpg\" \/>\n<meta name=\"twitter:card\" content=\"summary_large_image\" \/>\n<meta name=\"twitter:label1\" content=\"Gesch\u00e4tzte Lesezeit\" \/>\n\t<meta name=\"twitter:data1\" content=\"1\u00a0Minute\" \/>\n<script type=\"application\/ld+json\" class=\"yoast-schema-graph\">{\"@context\":\"https:\\\/\\\/schema.org\",\"@graph\":[{\"@type\":\"WebPage\",\"@id\":\"https:\\\/\\\/www.sachsenhausen-in-thueringen.de\\\/wop\\\/vereine\\\/faschingsclub\",\"url\":\"https:\\\/\\\/www.sachsenhausen-in-thueringen.de\\\/wop\\\/vereine\\\/faschingsclub\",\"name\":\"FaschingsClub - Willkommen in der Ortschaft Sachsenhausen\",\"isPartOf\":{\"@id\":\"https:\\\/\\\/www.sachsenhausen-in-thueringen.de\\\/wop\\\/#website\"},\"primaryImageOfPage\":{\"@id\":\"https:\\\/\\\/www.sachsenhausen-in-thueringen.de\\\/wop\\\/vereine\\\/faschingsclub#primaryimage\"},\"image\":{\"@id\":\"https:\\\/\\\/www.sachsenhausen-in-thueringen.de\\\/wop\\\/vereine\\\/faschingsclub#primaryimage\"},\"thumbnailUrl\":\"https:\\\/\\\/www.sachsenhausen-in-thueringen.de\\\/wop\\\/wp-content\\\/uploads\\\/IMG_3480a-300x225.jpg\",\"datePublished\":\"2009-03-22T19:09:26+00:00\",\"dateModified\":\"2024-06-29T12:19:30+00:00\",\"breadcrumb\":{\"@id\":\"https:\\\/\\\/www.sachsenhausen-in-thueringen.de\\\/wop\\\/vereine\\\/faschingsclub#breadcrumb\"},\"inLanguage\":\"de\",\"potentialAction\":[{\"@type\":\"ReadAction\",\"target\":[\"https:\\\/\\\/www.sachsenhausen-in-thueringen.de\\\/wop\\\/vereine\\\/faschingsclub\"]}]},{\"@type\":\"ImageObject\",\"inLanguage\":\"de\",\"@id\":\"https:\\\/\\\/www.sachsenhausen-in-thueringen.de\\\/wop\\\/vereine\\\/faschingsclub#primaryimage\",\"url\":\"https:\\\/\\\/www.sachsenhausen-in-thueringen.de\\\/wop\\\/wp-content\\\/uploads\\\/IMG_3480a.jpg\",\"contentUrl\":\"https:\\\/\\\/www.sachsenhausen-in-thueringen.de\\\/wop\\\/wp-content\\\/uploads\\\/IMG_3480a.jpg\",\"width\":800,\"height\":600},{\"@type\":\"BreadcrumbList\",\"@id\":\"https:\\\/\\\/www.sachsenhausen-in-thueringen.de\\\/wop\\\/vereine\\\/faschingsclub#breadcrumb\",\"itemListElement\":[{\"@type\":\"ListItem\",\"position\":1,\"name\":\"Startseite\",\"item\":\"https:\\\/\\\/www.sachsenhausen-in-thueringen.de\\\/wop\\\/\"},{\"@type\":\"ListItem\",\"position\":2,\"name\":\"Vereine\",\"item\":\"https:\\\/\\\/www.sachsenhausen-in-thueringen.de\\\/wop\\\/vereine\"},{\"@type\":\"ListItem\",\"position\":3,\"name\":\"FaschingsClub\"}]},{\"@type\":\"WebSite\",\"@id\":\"https:\\\/\\\/www.sachsenhausen-in-thueringen.de\\\/wop\\\/#website\",\"url\":\"https:\\\/\\\/www.sachsenhausen-in-thueringen.de\\\/wop\\\/\",\"name\":\"Sachsenhausen in Thueringen\",\"description\":\"der Landgemeinde Am Ettersberg\",\"publisher\":{\"@id\":\"https:\\\/\\\/www.sachsenhausen-in-thueringen.de\\\/wop\\\/#organization\"},\"potentialAction\":[{\"@type\":\"SearchAction\",\"target\":{\"@type\":\"EntryPoint\",\"urlTemplate\":\"https:\\\/\\\/www.sachsenhausen-in-thueringen.de\\\/wop\\\/?s={search_term_string}\"},\"query-input\":{\"@type\":\"PropertyValueSpecification\",\"valueRequired\":true,\"valueName\":\"search_term_string\"}}],\"inLanguage\":\"de\"},{\"@type\":\"Organization\",\"@id\":\"https:\\\/\\\/www.sachsenhausen-in-thueringen.de\\\/wop\\\/#organization\",\"name\":\"Sachsenhausen in Thueringen\",\"url\":\"https:\\\/\\\/www.sachsenhausen-in-thueringen.de\\\/wop\\\/\",\"logo\":{\"@type\":\"ImageObject\",\"inLanguage\":\"de\",\"@id\":\"https:\\\/\\\/www.sachsenhausen-in-thueringen.de\\\/wop\\\/#\\\/schema\\\/logo\\\/image\\\/\",\"url\":\"https:\\\/\\\/www.sachsenhausen-in-thueringen.de\\\/wop\\\/wp-content\\\/uploads\\\/Wappen.jpg\",\"contentUrl\":\"https:\\\/\\\/www.sachsenhausen-in-thueringen.de\\\/wop\\\/wp-content\\\/uploads\\\/Wappen.jpg\",\"width\":563,\"height\":586,\"caption\":\"Sachsenhausen in Thueringen\"},\"image\":{\"@id\":\"https:\\\/\\\/www.sachsenhausen-in-thueringen.de\\\/wop\\\/#\\\/schema\\\/logo\\\/image\\\/\"}}]}<\/script>\n<!-- \/ Yoast SEO plugin. -->","yoast_head_json":{"title":"FaschingsClub - Willkommen in der Ortschaft Sachsenhausen","robots":{"index":"noindex","follow":"follow"},"og_locale":"de_DE","og_type":"article","og_title":"FaschingsClub - Willkommen in der Ortschaft Sachsenhausen","og_description":"INFORMATION: Die n\u00e4chsten Termine des Faschingsclubs finden gem\u00e4\u00df dem Veranstaltungskalender statt. Der Vorstand Der Faschingsclub hat sich auf einer Gr\u00fcndungsversammlung [&hellip;]","og_url":"https:\/\/www.sachsenhausen-in-thueringen.de\/wop\/vereine\/faschingsclub","og_site_name":"Willkommen in der Ortschaft Sachsenhausen","article_modified_time":"2024-06-29T12:19:30+00:00","og_image":[{"url":"https:\/\/www.sachsenhausen-in-thueringen.de\/wop\/wp-content\/uploads\/IMG_3480a-300x225.jpg","type":"","width":"","height":""}],"twitter_card":"summary_large_image","twitter_misc":{"Gesch\u00e4tzte Lesezeit":"1\u00a0Minute"},"schema":{"@context":"https:\/\/schema.org","@graph":[{"@type":"WebPage","@id":"https:\/\/www.sachsenhausen-in-thueringen.de\/wop\/vereine\/faschingsclub","url":"https:\/\/www.sachsenhausen-in-thueringen.de\/wop\/vereine\/faschingsclub","name":"FaschingsClub - Willkommen in der Ortschaft Sachsenhausen","isPartOf":{"@id":"https:\/\/www.sachsenhausen-in-thueringen.de\/wop\/#website"},"primaryImageOfPage":{"@id":"https:\/\/www.sachsenhausen-in-thueringen.de\/wop\/vereine\/faschingsclub#primaryimage"},"image":{"@id":"https:\/\/www.sachsenhausen-in-thueringen.de\/wop\/vereine\/faschingsclub#primaryimage"},"thumbnailUrl":"https:\/\/www.sachsenhausen-in-thueringen.de\/wop\/wp-content\/uploads\/IMG_3480a-300x225.jpg","datePublished":"2009-03-22T19:09:26+00:00","dateModified":"2024-06-29T12:19:30+00:00","breadcrumb":{"@id":"https:\/\/www.sachsenhausen-in-thueringen.de\/wop\/vereine\/faschingsclub#breadcrumb"},"inLanguage":"de","potentialAction":[{"@type":"ReadAction","target":["https:\/\/www.sachsenhausen-in-thueringen.de\/wop\/vereine\/faschingsclub"]}]},{"@type":"ImageObject","inLanguage":"de","@id":"https:\/\/www.sachsenhausen-in-thueringen.de\/wop\/vereine\/faschingsclub#primaryimage","url":"https:\/\/www.sachsenhausen-in-thueringen.de\/wop\/wp-content\/uploads\/IMG_3480a.jpg","contentUrl":"https:\/\/www.sachsenhausen-in-thueringen.de\/wop\/wp-content\/uploads\/IMG_3480a.jpg","width":800,"height":600},{"@type":"BreadcrumbList","@id":"https:\/\/www.sachsenhausen-in-thueringen.de\/wop\/vereine\/faschingsclub#breadcrumb","itemListElement":[{"@type":"ListItem","position":1,"name":"Startseite","item":"https:\/\/www.sachsenhausen-in-thueringen.de\/wop\/"},{"@type":"ListItem","position":2,"name":"Vereine","item":"https:\/\/www.sachsenhausen-in-thueringen.de\/wop\/vereine"},{"@type":"ListItem","position":3,"name":"FaschingsClub"}]},{"@type":"WebSite","@id":"https:\/\/www.sachsenhausen-in-thueringen.de\/wop\/#website","url":"https:\/\/www.sachsenhausen-in-thueringen.de\/wop\/","name":"Sachsenhausen in Thueringen","description":"der Landgemeinde Am Ettersberg","publisher":{"@id":"https:\/\/www.sachsenhausen-in-thueringen.de\/wop\/#organization"},"potentialAction":[{"@type":"SearchAction","target":{"@type":"EntryPoint","urlTemplate":"https:\/\/www.sachsenhausen-in-thueringen.de\/wop\/?s={search_term_string}"},"query-input":{"@type":"PropertyValueSpecification","valueRequired":true,"valueName":"search_term_string"}}],"inLanguage":"de"},{"@type":"Organization","@id":"https:\/\/www.sachsenhausen-in-thueringen.de\/wop\/#organization","name":"Sachsenhausen in Thueringen","url":"https:\/\/www.sachsenhausen-in-thueringen.de\/wop\/","logo":{"@type":"ImageObject","inLanguage":"de","@id":"https:\/\/www.sachsenhausen-in-thueringen.de\/wop\/#\/schema\/logo\/image\/","url":"https:\/\/www.sachsenhausen-in-thueringen.de\/wop\/wp-content\/uploads\/Wappen.jpg","contentUrl":"https:\/\/www.sachsenhausen-in-thueringen.de\/wop\/wp-content\/uploads\/Wappen.jpg","width":563,"height":586,"caption":"Sachsenhausen in Thueringen"},"image":{"@id":"https:\/\/www.sachsenhausen-in-thueringen.de\/wop\/#\/schema\/logo\/image\/"}}]}},"_links":{"self":[{"href":"https:\/\/www.sachsenhausen-in-thueringen.de\/wop\/wp-json\/wp\/v2\/pages\/71","targetHints":{"allow":["GET"]}}],"collection":[{"href":"https:\/\/www.sachsenhausen-in-thueringen.de\/wop\/wp-json\/wp\/v2\/pages"}],"about":[{"href":"https:\/\/www.sachsenhausen-in-thueringen.de\/wop\/wp-json\/wp\/v2\/types\/page"}],"author":[{"embeddable":true,"href":"https:\/\/www.sachsenhausen-in-thueringen.de\/wop\/wp-json\/wp\/v2\/users\/2"}],"replies":[{"embeddable":true,"href":"https:\/\/www.sachsenhausen-in-thueringen.de\/wop\/wp-json\/wp\/v2\/comments?post=71"}],"version-history":[{"count":57,"href":"https:\/\/www.sachsenhausen-in-thueringen.de\/wop\/wp-json\/wp\/v2\/pages\/71\/revisions"}],"predecessor-version":[{"id":1218,"href":"https:\/\/www.sachsenhausen-in-thueringen.de\/wop\/wp-json\/wp\/v2\/pages\/71\/revisions\/1218"}],"up":[{"embeddable":true,"href":"https:\/\/www.sachsenhausen-in-thueringen.de\/wop\/wp-json\/wp\/v2\/pages\/8"}],"wp:attachment":[{"href":"https:\/\/www.sachsenhausen-in-thueringen.de\/wop\/wp-json\/wp\/v2\/media?parent=71"}],"curies":[{"name":"wp","href":"https:\/\/api.w.org\/{rel}","templated":true}]}}