{"id":3,"date":"2009-03-22T18:52:11","date_gmt":"2009-03-22T17:52:11","guid":{"rendered":"http:\/\/www.sachsenhausen-in-thueringen.de\/wop\/?page_id=3"},"modified":"2024-06-29T11:05:37","modified_gmt":"2024-06-29T10:05:37","slug":"wegweiser","status":"publish","type":"page","link":"https:\/\/www.sachsenhausen-in-thueringen.de\/wop\/wegweiser","title":{"rendered":"Wegweiser"},"content":{"rendered":"<p><center><\/p>\n<table width=\"95%\" style=\"border-style: none;\">\n<tbody>\n<tr>\n<td style=\"text-align:left;padding:15px;border-style: none;\">\n<p>Unser Dorf liegt im Herzen Th\u00fcringens, am Nordhang des sanft abfallenden Kleinen Ettersberges.<br \/>\nVerkehrsm\u00e4\u00dfig ist unser Dorf durch seine Lage 6 km nord\u00f6stlich der Kulturstadt Weimar und 13 km westlich der Kreisstadt Apolda recht g\u00fcnstig gelegen.<br \/>\nGut ausgebaute Stra\u00dfen (L II 0 159 und die Kreisstra\u00dfe 3) verbinden unser Dorf mit den benachbarten Orten, aber auch mit den St\u00e4dten Weimar, Apolda und Buttst\u00e4dt.<br \/>\nZu erreichen ist unser Dorf f\u00fcr den Fernverkehr von der A4 Abfahrt Gelmeroda bzw. Nohra.<\/p>\n<p>\n<iframe src=\"https:\/\/www.google.com\/maps\/embed?pb=!1m18!1m12!1m3!1d11889.59562766024!2d11.36509249715844!3d51.042487872981624!2m3!1f0!2f0!3f0!3m2!1i1024!2i768!4f13.1!3m3!1m2!1s0x47a419808e55b74b%3A0x9e6e52049b88793a!2sSachsenhausen%2C%2099439%20Buttelstedt!5e1!3m2!1sde!2sde!4v1615205791002!5m2!1sde!2sde\" width=\"100%\" height=\"450\" style=\"border:0;\" allowfullscreen=\"\" loading=\"lazy\"><\/iframe>  <\/p>\n<\/td>\n<\/tr>\n<\/tbody>\n<\/table>\n<p><\/center><\/p>\n","protected":false},"excerpt":{"rendered":"<p>Unser Dorf liegt im Herzen Th\u00fcringens, am Nordhang des sanft abfallenden Kleinen Ettersberges. Verkehrsm\u00e4\u00dfig ist unser Dorf durch seine Lage [&hellip;]<\/p>\n","protected":false},"author":1,"featured_media":0,"parent":0,"menu_order":2,"comment_status":"closed","ping_status":"closed","template":"","meta":{"site-sidebar-layout":"default","site-content-layout":"","ast-site-content-layout":"default","site-content-style":"default","site-sidebar-style":"default","ast-global-header-display":"","ast-banner-title-visibility":"","ast-main-header-display":"","ast-hfb-above-header-display":"","ast-hfb-below-header-display":"","ast-hfb-mobile-header-display":"","site-post-title":"","ast-breadcrumbs-content":"","ast-featured-img":"","footer-sml-layout":"","ast-disable-related-posts":"","theme-transparent-header-meta":"default","adv-header-id-meta":"","stick-header-meta":"","header-above-stick-meta":"","header-main-stick-meta":"","header-below-stick-meta":"","astra-migrate-meta-layouts":"set","ast-page-background-enabled":"default","ast-page-background-meta":{"desktop":{"background-color":"var(--ast-global-color-4)","background-image":"","background-repeat":"repeat","background-position":"center center","background-size":"auto","background-attachment":"scroll","background-type":"","background-media":"","overlay-type":"","overlay-color":"","overlay-opacity":"","overlay-gradient":""},"tablet":{"background-color":"","background-image":"","background-repeat":"repeat","background-position":"center center","background-size":"auto","background-attachment":"scroll","background-type":"","background-media":"","overlay-type":"","overlay-color":"","overlay-opacity":"","overlay-gradient":""},"mobile":{"background-color":"","background-image":"","background-repeat":"repeat","background-position":"center center","background-size":"auto","background-attachment":"scroll","background-type":"","background-media":"","overlay-type":"","overlay-color":"","overlay-opacity":"","overlay-gradient":""}},"ast-content-background-meta":{"desktop":{"background-color":"var(--ast-global-color-5)","background-image":"","background-repeat":"repeat","background-position":"center center","background-size":"auto","background-attachment":"scroll","background-type":"","background-media":"","overlay-type":"","overlay-color":"","overlay-opacity":"","overlay-gradient":""},"tablet":{"background-color":"var(--ast-global-color-5)","background-image":"","background-repeat":"repeat","background-position":"center center","background-size":"auto","background-attachment":"scroll","background-type":"","background-media":"","overlay-type":"","overlay-color":"","overlay-opacity":"","overlay-gradient":""},"mobile":{"background-color":"var(--ast-global-color-5)","background-image":"","background-repeat":"repeat","background-position":"center center","background-size":"auto","background-attachment":"scroll","background-type":"","background-media":"","overlay-type":"","overlay-color":"","overlay-opacity":"","overlay-gradient":""}},"footnotes":""},"class_list":["post-3","page","type-page","status-publish","hentry"],"yoast_head":"<!-- This site is optimized with the Yoast SEO plugin v27.6 - https:\/\/yoast.com\/product\/yoast-seo-wordpress\/ -->\n<title>Wegweiser - Willkommen in der Ortschaft Sachsenhausen<\/title>\n<meta name=\"robots\" content=\"noindex, follow\" \/>\n<meta property=\"og:locale\" content=\"de_DE\" \/>\n<meta property=\"og:type\" content=\"article\" \/>\n<meta property=\"og:title\" content=\"Wegweiser - Willkommen in der Ortschaft Sachsenhausen\" \/>\n<meta property=\"og:description\" content=\"Unser Dorf liegt im Herzen Th\u00fcringens, am Nordhang des sanft abfallenden Kleinen Ettersberges. Verkehrsm\u00e4\u00dfig ist unser Dorf durch seine Lage [&hellip;]\" \/>\n<meta property=\"og:url\" content=\"https:\/\/www.sachsenhausen-in-thueringen.de\/wop\/wegweiser\" \/>\n<meta property=\"og:site_name\" content=\"Willkommen in der Ortschaft Sachsenhausen\" \/>\n<meta property=\"article:modified_time\" content=\"2024-06-29T10:05:37+00:00\" \/>\n<meta name=\"twitter:card\" content=\"summary_large_image\" \/>\n<meta name=\"twitter:label1\" content=\"Gesch\u00e4tzte Lesezeit\" \/>\n\t<meta name=\"twitter:data1\" content=\"1\u00a0Minute\" \/>\n<script type=\"application\/ld+json\" class=\"yoast-schema-graph\">{\"@context\":\"https:\\\/\\\/schema.org\",\"@graph\":[{\"@type\":\"WebPage\",\"@id\":\"https:\\\/\\\/www.sachsenhausen-in-thueringen.de\\\/wop\\\/wegweiser\",\"url\":\"https:\\\/\\\/www.sachsenhausen-in-thueringen.de\\\/wop\\\/wegweiser\",\"name\":\"Wegweiser - Willkommen in der Ortschaft Sachsenhausen\",\"isPartOf\":{\"@id\":\"https:\\\/\\\/www.sachsenhausen-in-thueringen.de\\\/wop\\\/#website\"},\"datePublished\":\"2009-03-22T17:52:11+00:00\",\"dateModified\":\"2024-06-29T10:05:37+00:00\",\"breadcrumb\":{\"@id\":\"https:\\\/\\\/www.sachsenhausen-in-thueringen.de\\\/wop\\\/wegweiser#breadcrumb\"},\"inLanguage\":\"de\",\"potentialAction\":[{\"@type\":\"ReadAction\",\"target\":[\"https:\\\/\\\/www.sachsenhausen-in-thueringen.de\\\/wop\\\/wegweiser\"]}]},{\"@type\":\"BreadcrumbList\",\"@id\":\"https:\\\/\\\/www.sachsenhausen-in-thueringen.de\\\/wop\\\/wegweiser#breadcrumb\",\"itemListElement\":[{\"@type\":\"ListItem\",\"position\":1,\"name\":\"Startseite\",\"item\":\"https:\\\/\\\/www.sachsenhausen-in-thueringen.de\\\/wop\\\/\"},{\"@type\":\"ListItem\",\"position\":2,\"name\":\"Wegweiser\"}]},{\"@type\":\"WebSite\",\"@id\":\"https:\\\/\\\/www.sachsenhausen-in-thueringen.de\\\/wop\\\/#website\",\"url\":\"https:\\\/\\\/www.sachsenhausen-in-thueringen.de\\\/wop\\\/\",\"name\":\"Sachsenhausen in Thueringen\",\"description\":\"der Landgemeinde Am Ettersberg\",\"publisher\":{\"@id\":\"https:\\\/\\\/www.sachsenhausen-in-thueringen.de\\\/wop\\\/#organization\"},\"potentialAction\":[{\"@type\":\"SearchAction\",\"target\":{\"@type\":\"EntryPoint\",\"urlTemplate\":\"https:\\\/\\\/www.sachsenhausen-in-thueringen.de\\\/wop\\\/?s={search_term_string}\"},\"query-input\":{\"@type\":\"PropertyValueSpecification\",\"valueRequired\":true,\"valueName\":\"search_term_string\"}}],\"inLanguage\":\"de\"},{\"@type\":\"Organization\",\"@id\":\"https:\\\/\\\/www.sachsenhausen-in-thueringen.de\\\/wop\\\/#organization\",\"name\":\"Sachsenhausen in Thueringen\",\"url\":\"https:\\\/\\\/www.sachsenhausen-in-thueringen.de\\\/wop\\\/\",\"logo\":{\"@type\":\"ImageObject\",\"inLanguage\":\"de\",\"@id\":\"https:\\\/\\\/www.sachsenhausen-in-thueringen.de\\\/wop\\\/#\\\/schema\\\/logo\\\/image\\\/\",\"url\":\"https:\\\/\\\/www.sachsenhausen-in-thueringen.de\\\/wop\\\/wp-content\\\/uploads\\\/Wappen.jpg\",\"contentUrl\":\"https:\\\/\\\/www.sachsenhausen-in-thueringen.de\\\/wop\\\/wp-content\\\/uploads\\\/Wappen.jpg\",\"width\":563,\"height\":586,\"caption\":\"Sachsenhausen in Thueringen\"},\"image\":{\"@id\":\"https:\\\/\\\/www.sachsenhausen-in-thueringen.de\\\/wop\\\/#\\\/schema\\\/logo\\\/image\\\/\"}}]}<\/script>\n<!-- \/ Yoast SEO plugin. -->","yoast_head_json":{"title":"Wegweiser - Willkommen in der Ortschaft Sachsenhausen","robots":{"index":"noindex","follow":"follow"},"og_locale":"de_DE","og_type":"article","og_title":"Wegweiser - Willkommen in der Ortschaft Sachsenhausen","og_description":"Unser Dorf liegt im Herzen Th\u00fcringens, am Nordhang des sanft abfallenden Kleinen Ettersberges. Verkehrsm\u00e4\u00dfig ist unser Dorf durch seine Lage [&hellip;]","og_url":"https:\/\/www.sachsenhausen-in-thueringen.de\/wop\/wegweiser","og_site_name":"Willkommen in der Ortschaft Sachsenhausen","article_modified_time":"2024-06-29T10:05:37+00:00","twitter_card":"summary_large_image","twitter_misc":{"Gesch\u00e4tzte Lesezeit":"1\u00a0Minute"},"schema":{"@context":"https:\/\/schema.org","@graph":[{"@type":"WebPage","@id":"https:\/\/www.sachsenhausen-in-thueringen.de\/wop\/wegweiser","url":"https:\/\/www.sachsenhausen-in-thueringen.de\/wop\/wegweiser","name":"Wegweiser - Willkommen in der Ortschaft Sachsenhausen","isPartOf":{"@id":"https:\/\/www.sachsenhausen-in-thueringen.de\/wop\/#website"},"datePublished":"2009-03-22T17:52:11+00:00","dateModified":"2024-06-29T10:05:37+00:00","breadcrumb":{"@id":"https:\/\/www.sachsenhausen-in-thueringen.de\/wop\/wegweiser#breadcrumb"},"inLanguage":"de","potentialAction":[{"@type":"ReadAction","target":["https:\/\/www.sachsenhausen-in-thueringen.de\/wop\/wegweiser"]}]},{"@type":"BreadcrumbList","@id":"https:\/\/www.sachsenhausen-in-thueringen.de\/wop\/wegweiser#breadcrumb","itemListElement":[{"@type":"ListItem","position":1,"name":"Startseite","item":"https:\/\/www.sachsenhausen-in-thueringen.de\/wop\/"},{"@type":"ListItem","position":2,"name":"Wegweiser"}]},{"@type":"WebSite","@id":"https:\/\/www.sachsenhausen-in-thueringen.de\/wop\/#website","url":"https:\/\/www.sachsenhausen-in-thueringen.de\/wop\/","name":"Sachsenhausen in Thueringen","description":"der Landgemeinde Am Ettersberg","publisher":{"@id":"https:\/\/www.sachsenhausen-in-thueringen.de\/wop\/#organization"},"potentialAction":[{"@type":"SearchAction","target":{"@type":"EntryPoint","urlTemplate":"https:\/\/www.sachsenhausen-in-thueringen.de\/wop\/?s={search_term_string}"},"query-input":{"@type":"PropertyValueSpecification","valueRequired":true,"valueName":"search_term_string"}}],"inLanguage":"de"},{"@type":"Organization","@id":"https:\/\/www.sachsenhausen-in-thueringen.de\/wop\/#organization","name":"Sachsenhausen in Thueringen","url":"https:\/\/www.sachsenhausen-in-thueringen.de\/wop\/","logo":{"@type":"ImageObject","inLanguage":"de","@id":"https:\/\/www.sachsenhausen-in-thueringen.de\/wop\/#\/schema\/logo\/image\/","url":"https:\/\/www.sachsenhausen-in-thueringen.de\/wop\/wp-content\/uploads\/Wappen.jpg","contentUrl":"https:\/\/www.sachsenhausen-in-thueringen.de\/wop\/wp-content\/uploads\/Wappen.jpg","width":563,"height":586,"caption":"Sachsenhausen in Thueringen"},"image":{"@id":"https:\/\/www.sachsenhausen-in-thueringen.de\/wop\/#\/schema\/logo\/image\/"}}]}},"_links":{"self":[{"href":"https:\/\/www.sachsenhausen-in-thueringen.de\/wop\/wp-json\/wp\/v2\/pages\/3","targetHints":{"allow":["GET"]}}],"collection":[{"href":"https:\/\/www.sachsenhausen-in-thueringen.de\/wop\/wp-json\/wp\/v2\/pages"}],"about":[{"href":"https:\/\/www.sachsenhausen-in-thueringen.de\/wop\/wp-json\/wp\/v2\/types\/page"}],"author":[{"embeddable":true,"href":"https:\/\/www.sachsenhausen-in-thueringen.de\/wop\/wp-json\/wp\/v2\/users\/1"}],"replies":[{"embeddable":true,"href":"https:\/\/www.sachsenhausen-in-thueringen.de\/wop\/wp-json\/wp\/v2\/comments?post=3"}],"version-history":[{"count":19,"href":"https:\/\/www.sachsenhausen-in-thueringen.de\/wop\/wp-json\/wp\/v2\/pages\/3\/revisions"}],"predecessor-version":[{"id":1210,"href":"https:\/\/www.sachsenhausen-in-thueringen.de\/wop\/wp-json\/wp\/v2\/pages\/3\/revisions\/1210"}],"wp:attachment":[{"href":"https:\/\/www.sachsenhausen-in-thueringen.de\/wop\/wp-json\/wp\/v2\/media?parent=3"}],"curies":[{"name":"wp","href":"https:\/\/api.w.org\/{rel}","templated":true}]}}